at is the tens digit of 13959625?
2
What is the millions digit of 7655802?
7
What is the units digit of 99838?
8
What is the ten thousands digit of 183109?
8
What is the units digit of 1760528?
8
What is the ten thousands digit of 1651769?
5
What is the ten millions digit of 15237631?
1
What is the ten thousands digit of 5130456?
3
What is the ten thousands digit of 60695?
6
What is the hundreds digit of 77994?
9
What is the millions digit of 19464360?
9
What is the hundred thousands digit of 175348?
1
What is the tens digit of 428817?
1
What is the thousands digit of 118864?
8
What is the thousands digit of 4172592?
2
What is the tens digit of 457954?
5
What is the tens digit of 686143?
4
What is the tens digit of 14329614?
1
What is the thousands digit of 734360?
4
What is the tens digit of 3624712?
1
What is the ten thousands digit of 3276663?
7
What is the ten thousands digit of 1916420?
1
What is the hundred thousands digit of 4365962?
3
What is the tens digit of 1632606?
0
What is the hundred thousands digit of 530806?
5
What is the thousands digit of 205555?
5
What is the millions digit of 1489692?
1
What is the units digit of 26814?
4
What is the thousands digit of 47003?
7
What is the tens digit of 1642011?
1
What is the ten thousands digit of 88782?
8
What is the ten thousands digit of 717614?
1
What is the millions digit of 2515396?
2
What is the hundred thousands digit of 134102?
1
What is the millions digit of 10369373?
0
What is the tens digit of 385870?
7
What is the tens digit of 148106?
0
What is the units digit of 4767012?
2
What is the units digit of 33825547?
7
What is the hundred thousands digit of 3451776?
4
What is the units digit of 12334689?
9
What is the thousands digit of 3443352?
3
What is the thousands digit of 98442?
8
What is the units digit of 766396?
6
What is the ten thousands digit of 35323225?
2
What is the hundred thousands digit of 3030558?
0
What is the hundred thousands digit of 8977519?
9
What is the thousands digit of 1872847?
2
What is the hundreds digit of 2572341?
3
What is the ten thousands digit of 646812?
4
What is the units digit of 309043?
3
What is the ten thousands digit of 1590737?
9
What is the millions digit of 1874233?
1
What is the hundred thousands digit of 530848?
5
What is the ten thousands digit of 111336?
1
What is the tens digit of 706539?
3
What is the tens digit of 3529616?
1
What is the hundred thousands digit of 3841772?
8
What is the ten thousands digit of 133121?
3
What is the tens digit of 679166?
6
What is the ten thousands digit of 2054158?
5
What is the tens digit of 3501354?
5
What is the hundred thousands digit of 2346825?
3
What is the ten thousands digit of 586386?
8
What is the ten thousands digit of 742491?
4
What is the hundred thousands digit of 4090650?
0
What is the ten thousands digit of 635978?
3
What is the hundred thousands digit of 145564?
1
What is the tens digit of 4279660?
6
What is the tens digit of 5801?
0
What is the hundred thousands digit of 255042?
2
What is the ten thousands digit of 12984531?
8
What is the units digit of 411841?
1
What is the tens digit of 127211?
1
What is the hundreds digit of 985636?
6
What is the hundreds digit of 4484893?
8
What is the hundreds digit of 4475616?
6
What is the millions digit of 2131080?
2
What is the hundreds digit of 5557679?
6
What is the thousands digit of 476704?
6
What is the units digit of 4951861?
1
What is the tens digit of 249264?
6
What is the thousands digit of 2976188?
6
What is the hundred thousands digit of 624497?
6
What is the tens digit of 714610?
1
What is the thousands digit of 383967?
3
What is the ten thousands digit of 87380?
8
What is the tens digit of 4926652?
5
What is the ten thousands digit of 2781532?
8
What is the ten thousands digit of 4878821?
7
What is the ten millions digit of 10417162?
1
What is the ten thousands digit of 137296?
3
What is the tens digit of 22916447?
4
What is the hundreds digit of 6466779?
7
What is the millions digit of 1836938?
1
What is the units digit of 9969544?
4
What is the thousands digit of 79511?
9
What is the ten thousands digit of 662542?
6
What is the hundreds digit of 15843306?
3
What is the hundreds digit of 371652?
6
What is the hundreds digit of 203029?
0
What is the tens digit of 98351?
5
What is the units digit of 17406084?
4
What is the hundred thousands digit of 14423570?
4
What is the tens digit of 3953230?
3
What is the ten thousands digit of 942878?
4
What is the thousands digit of 7535217?
5
What is the hundreds digit of 1848933?
9
What is the units digit of 207236?
6
What is the units digit of 24190384?
4
What is the hundreds digit of 680630?
6
What is the tens digit of 836871?
7
What is the units digit of 4680148?
8
What is the thousands digit of 2843186?
3
What is the ten thousands digit of 242559?
4
What is the tens digit of 9786988?
8
What is the hundreds digit of 10490132?
1
What is the hundreds digit of 1842540?
5
What is the hundred thousands digit of 12562942?
5
What is the thousands digit of 18338106?
8
What is the units digit of 71088?
8
What is the thousands digit of 1055529?
5
What is the thousands digit of 3446862?
6
What is the ten millions digit of 16491260?
1
What is the ten thousands digit of 3876611?
7
What is the hundred thousands digit of 8102278?
1
What is the ten thousands digit of 1459370?
5
What is the thousands digit of 548989?
8
What is the ten thousands digit of 455740?
5
What is the hundreds digit of 3841254?
2
What is the hundreds digit of 3325080?
0
What is the units digit of 58066?
6
What is the hundred thousands digit of 4110778?
1
What is the units digit of 5446761?
1
What is the tens digit of 15574183?
8
What is the ten thousands digit of 7711150?
1
What is the thousands digit of 185074?
5
What is the thousands digit of 98043?
8
What is the hundreds digit of 4277538?
5
What is the hundreds digit of 110873?
8
What is the hundreds digit of 873061?
0
What is the hundred thousands digit of 699890?
6
What is the hundreds digit of 6760412?
4
What is the ten millions digit of 10147993?
1
What is the thousands digit of 6198223?
8
What is the thousands digit of 12418?
2
What is the millions digit of 1063768?
1
What is the thousands digit of 754449?
4
What is the hundred thousands digit of 326677?
3
What is the hundreds digit of 12907882?
8
What is the millions digit of 1727377?
1
What is the hundred thousands digit of 556788?
5
What is the hundred thousands digit of 23252469?
2
What is the thousands digit of 132400?
2
What is the units digit of 32311309?
9
What is the tens digit of 259428?
2
What is the hundreds digit of 370690?
6
What is the ten thousands digit of 872277?
7
What is the units digit of 241453?
3
What is the millions digit of 3892601?
3
What is the thousands digit of 28535718?
5
What is the hundred thousands digit of 766104?
7
What is the thousands digit of 664316?
4
What is the units digit of 815645?
5
What is the hundred thousands digit of 6302096?
3
What is the units digit of 463074?
4
What is the units digit of 2285?
5
What is the hundreds digit of 762968?
9
What is the thousands digit of 41636974?
6
What is the ten thousands digit of 408571?
0
What is the thousands digit of 2436923?
6
What is the tens digit of 2063122?
2
What is the millions digit of 12431712?
2
What is the millions digit of 1980978?
1
What is the hundred thousands digit of 705825?
7
What is the thousands digit of 132547?
2
What is the tens digit of 4540471?
7
What is the hundred thousands digit of 19967298?
9
What is the hundred thousands digit of 6661462?
6
What is the ten thousands digit of 37443068?
4
What is the units digit of 824168?
8
What is the thousands digit of 12300?
2
What is the units digit of 40711?
1
What is the thousands digit of 7118643?
8
What is the units digit of 2025577?
7
What is the thousands digit of 1551604?
1
What is the millions digit of 7792404?
7
What is the millions digit of 35507112?
5
What is the thousands digit of 240303?
0
What is the thousands digit of 105081?
5
What is the thousands digit of 1790882?
0
What is the tens digit of 2097462?
6
What is the tens digit of 1372893?
9
What is the ten thousands digit of 5296095?
9
What is the millions digit of 1817556?
1
What is the ten thou